{"id":195,"date":"2022-06-22T18:58:55","date_gmt":"2022-06-22T16:58:55","guid":{"rendered":"http:\/\/darina-maleeva.com\/?page_id=195"},"modified":"2023-07-07T23:04:50","modified_gmt":"2023-07-07T21:04:50","slug":"duo","status":"publish","type":"page","link":"https:\/\/darina-maleeva.com\/index.php\/duo\/","title":{"rendered":"DUO"},"content":{"rendered":"\n<div class=\"wp-block-cover alignfull\" style=\"min-height:827px;aspect-ratio:unset;\"><span aria-hidden=\"true\" class=\"wp-block-cover__background has-background-dim\"><\/span><img loading=\"lazy\" decoding=\"async\" width=\"2560\" height=\"1920\" class=\"wp-block-cover__image-background wp-image-711\" alt=\"\" src=\"http:\/\/darina-maleeva.com\/wp-content\/uploads\/2022\/09\/Gaveau05-scaled.jpg\" style=\"object-position:35% 83%\" data-object-fit=\"cover\" data-object-position=\"35% 83%\" srcset=\"https:\/\/darina-maleeva.com\/wp-content\/uploads\/2022\/09\/Gaveau05-scaled.jpg 2560w, https:\/\/darina-maleeva.com\/wp-content\/uploads\/2022\/09\/Gaveau05-300x225.jpg 300w, https:\/\/darina-maleeva.com\/wp-content\/uploads\/2022\/09\/Gaveau05-1024x768.jpg 1024w, https:\/\/darina-maleeva.com\/wp-content\/uploads\/2022\/09\/Gaveau05-768x576.jpg 768w, https:\/\/darina-maleeva.com\/wp-content\/uploads\/2022\/09\/Gaveau05-1536x1152.jpg 1536w, https:\/\/darina-maleeva.com\/wp-content\/uploads\/2022\/09\/Gaveau05-2048x1536.jpg 2048w\" sizes=\"auto, (max-width: 2560px) 100vw, 2560px\" \/><div class=\"wp-block-cover__inner-container is-layout-flow wp-block-cover-is-layout-flow\">\n<h2 class=\"wp-block-heading has-text-align-left has-ast-global-color-4-color has-text-color has-x-large-font-size\">DUO <\/h2>\n<\/div><\/div>\n\n\n\n<div style=\"height:49px\" aria-hidden=\"true\" class=\"wp-block-spacer\"><\/div>\n\n\n\n<p><strong>Le duo Darina Maleeva, violon et Xavier Lecomte de la Bretonnerie, piano,<\/strong> se produit dans le monde entier. Sa particularit\u00e9 est de pr\u00e9senter des programmes singuliers avec des \u0153uvres rares et in\u00e9dites de grands compositeurs.<\/p>\n\n\n\n<p> En t\u00e9moigne leur nouvel album <strong>Int\u00e9grale pour violon et piano de C\u00e9sar Franck<\/strong>, qui pr\u00e9sente trois pi\u00e8ces tr\u00e8s peu connues du compositeur en plus de la c\u00e9l\u00e8bre Sonate. <strong>Sortie officielle le 8 septembre 2023.<\/strong> Label Ind\u00e9SENS Calliope Records.<\/p>\n\n\n\n<div style=\"height:53px\" aria-hidden=\"true\" class=\"wp-block-spacer\"><\/div>\n\n\n\n<h3 class=\"wp-block-heading\" style=\"font-size:30px\">XAVIER LECOMTE de la BRETONNERIE, piano<\/h3>\n\n\n\n<div class=\"wp-block-columns is-layout-flex wp-container-core-columns-is-layout-28f84493 wp-block-columns-is-layout-flex\">\n<div class=\"wp-block-column is-layout-flow wp-block-column-is-layout-flow\" style=\"flex-basis:66.66%\">\n<div style=\"height:43px\" aria-hidden=\"true\" class=\"wp-block-spacer\"><\/div>\n\n\n\n<p>Xavier Lecomte de la Bretonnerie donne de nombreux concerts en tant que soliste et chambriste, dans des lieux prestigieux tels que la salle Gaveau \u00e0 Paris, ou le Steinway hall \u00e0 New York.<\/p>\n\n\n\n<p>Il aime \u00e9laborer des programmes qui mettent en regard des \u0153uvres d&rsquo;\u00e9poques diff\u00e9rentes. Son int\u00e9r\u00eat pour le r\u00e9pertoire contemporain lui fait cr\u00e9er plusieurs pi\u00e8ces qui lui sont d\u00e9di\u00e9es (de Roger Tessier, Renaud Desbazeille\u2026).<\/p>\n\n\n\n<p>D&rsquo;un contact facile avec le public, il propose des cl\u00e9s d&rsquo;\u00e9coute pour aider \u00e0 percer les myst\u00e8res de la <em>Fantaisie<\/em> de Messiaen, d&rsquo;une \u00e9tude de Ligeti ou encore des pi\u00e8ces op.7 de Webern.<\/p>\n\n\n\n<p><strong>Son projet original sur les Fables associe les chefs d&rsquo;\u0153uvres de Jean de la Fontaine \u00e0 des musiques de Rameau, Mozart, Schumann, Ravel, Boulez\u2026<\/strong><\/p>\n\n\n\n<p>Il est membre de plusieurs jurys de concours, comme le concours international J.S. Bach \u00e0 Kurume (Japon) et donne des masterclass lors d\u2019acad\u00e9mies d\u2019\u00e9t\u00e9.<\/p>\n\n\n\n<p>Il est laur\u00e9at de plusieurs concours internationaux, notamment : IIe grand prix au Concours <em>Albert Roussel<\/em>, Ier prix au concours <em>Music and Earth<\/em> de Sofia (Bulgarie), IIe grand prix au concours international de piano <em>Carl Filtsch<\/em> \u00e0 Sibiu (Roumanie).<\/p>\n\n\n\n<p>El\u00e8ve de Germaine Mounier \u00e0 l\u2019Ecole Normale de Musique de Paris, il se perfectionne aupr\u00e8s de Paul Badura-Skoda, France Clidat, Billy Eidi, Oxana Yablonskaya.<\/p>\n\n\n\n<p>Professeur de piano au Conservatoire d\u2019Igny, il a enseign\u00e9 \u00e9galement \u00e0 la<em> Schola Cantorum <\/em>de Paris. Il est directeur artistique de l\u2019association&nbsp;<em>Les Amis de la Musique et de la Terre<\/em>.<\/p>\n\n\n\n<p>En 2022, il joue trois soirs de suite le concerto pour piano de Robert Schumann avec l&rsquo;<em>Orchestre Symphonique Paris-Saclay<\/em> sous la direction de Johannes Le Pennec. <\/p>\n\n\n\n<div style=\"height:27px\" aria-hidden=\"true\" class=\"wp-block-spacer\"><\/div>\n<\/div>\n\n\n\n<div class=\"wp-block-column is-layout-flow wp-block-column-is-layout-flow\" style=\"flex-basis:33.33%\">\n<figure class=\"wp-block-image size-full is-resized\"><img loading=\"lazy\" decoding=\"async\" src=\"http:\/\/darina-maleeva.com\/wp-content\/uploads\/2023\/02\/image-3.png\" alt=\"\" class=\"wp-image-1732\" width=\"400\" height=\"511\" srcset=\"https:\/\/darina-maleeva.com\/wp-content\/uploads\/2023\/02\/image-3.png 456w, https:\/\/darina-maleeva.com\/wp-content\/uploads\/2023\/02\/image-3-235x300.png 235w\" sizes=\"auto, (max-width: 400px) 100vw, 400px\" \/><\/figure>\n<\/div>\n<\/div>\n\n\n\n<figure class=\"wp-block-gallery has-nested-images columns-default is-cropped wp-block-gallery-1 is-layout-flex wp-block-gallery-is-layout-flex\">\n<figure class=\"wp-block-image size-large\"><img loading=\"lazy\" decoding=\"async\" width=\"1024\" height=\"768\" data-id=\"1692\" src=\"http:\/\/darina-maleeva.com\/wp-content\/uploads\/2023\/02\/xavier_lecomte_002-1024x768.jpg\" alt=\"\" class=\"wp-image-1692\" srcset=\"https:\/\/darina-maleeva.com\/wp-content\/uploads\/2023\/02\/xavier_lecomte_002-1024x768.jpg 1024w, https:\/\/darina-maleeva.com\/wp-content\/uploads\/2023\/02\/xavier_lecomte_002-300x225.jpg 300w, https:\/\/darina-maleeva.com\/wp-content\/uploads\/2023\/02\/xavier_lecomte_002-768x576.jpg 768w, https:\/\/darina-maleeva.com\/wp-content\/uploads\/2023\/02\/xavier_lecomte_002.jpg 1259w\" sizes=\"auto, (max-width: 1024px) 100vw, 1024px\" \/><figcaption class=\"wp-element-caption\"><em>Steinway Hall<\/em>, New York<\/figcaption><\/figure>\n\n\n\n<figure class=\"wp-block-image size-large\"><img loading=\"lazy\" decoding=\"async\" width=\"1024\" height=\"745\" data-id=\"1749\" src=\"http:\/\/darina-maleeva.com\/wp-content\/uploads\/2023\/02\/\u043a\u0441\u0430\u0432\u0438\u0435-1-1024x745.jpg\" alt=\"\" class=\"wp-image-1749\" srcset=\"https:\/\/darina-maleeva.com\/wp-content\/uploads\/2023\/02\/\u043a\u0441\u0430\u0432\u0438\u0435-1-1024x745.jpg 1024w, https:\/\/darina-maleeva.com\/wp-content\/uploads\/2023\/02\/\u043a\u0441\u0430\u0432\u0438\u0435-1-300x218.jpg 300w, https:\/\/darina-maleeva.com\/wp-content\/uploads\/2023\/02\/\u043a\u0441\u0430\u0432\u0438\u0435-1-768x559.jpg 768w, https:\/\/darina-maleeva.com\/wp-content\/uploads\/2023\/02\/\u043a\u0441\u0430\u0432\u0438\u0435-1-1536x1118.jpg 1536w, https:\/\/darina-maleeva.com\/wp-content\/uploads\/2023\/02\/\u043a\u0441\u0430\u0432\u0438\u0435-1-2048x1490.jpg 2048w\" sizes=\"auto, (max-width: 1024px) 100vw, 1024px\" \/><figcaption class=\"wp-element-caption\"><em>Salle Gaveau<\/em>, Paris<\/figcaption><\/figure>\n\n\n\n<figure class=\"wp-block-image size-large\"><img loading=\"lazy\" decoding=\"async\" width=\"1024\" height=\"652\" data-id=\"1733\" src=\"http:\/\/darina-maleeva.com\/wp-content\/uploads\/2023\/02\/EEP-28.10.22-20-1-1024x652.jpg\" alt=\"\" class=\"wp-image-1733\" srcset=\"https:\/\/darina-maleeva.com\/wp-content\/uploads\/2023\/02\/EEP-28.10.22-20-1-1024x652.jpg 1024w, https:\/\/darina-maleeva.com\/wp-content\/uploads\/2023\/02\/EEP-28.10.22-20-1-300x191.jpg 300w, https:\/\/darina-maleeva.com\/wp-content\/uploads\/2023\/02\/EEP-28.10.22-20-1-768x489.jpg 768w, https:\/\/darina-maleeva.com\/wp-content\/uploads\/2023\/02\/EEP-28.10.22-20-1-1536x978.jpg 1536w, https:\/\/darina-maleeva.com\/wp-content\/uploads\/2023\/02\/EEP-28.10.22-20-1-2048x1304.jpg 2048w\" sizes=\"auto, (max-width: 1024px) 100vw, 1024px\" \/><figcaption class=\"wp-element-caption\"><em>Salle Philharmonie<\/em>, Vidin (Bulgarie) <\/figcaption><\/figure>\n<\/figure>\n\n\n\n<div style=\"height:100px\" aria-hidden=\"true\" class=\"wp-block-spacer\"><\/div>\n","protected":false},"excerpt":{"rendered":"<p>Le duo Darina Maleeva, violon et Xavier Lecomte de la Bretonnerie, piano, se produit dans le monde entier. Sa particularit\u00e9 est de pr\u00e9senter des programmes singuliers avec des \u0153uvres rares et in\u00e9dites de grands compositeurs. En t\u00e9moigne leur nouvel album Int\u00e9grale pour violon et piano de C\u00e9sar Franck, qui pr\u00e9sente trois pi\u00e8ces tr\u00e8s peu connues [&hellip;]<\/p>\n","protected":false},"author":1,"featured_media":0,"parent":0,"menu_order":0,"comment_status":"closed","ping_status":"closed","template":"","meta":{"om_disable_all_campaigns":false,"_monsterinsights_skip_tracking":false,"_monsterinsights_sitenote_active":false,"_monsterinsights_sitenote_note":"","_monsterinsights_sitenote_category":0,"site-sidebar-layout":"no-sidebar","site-content-layout":"plain-container","ast-site-content-layout":"default","site-content-style":"default","site-sidebar-style":"default","ast-global-header-display":"","ast-banner-title-visibility":"","ast-main-header-display":"","ast-hfb-above-header-display":"","ast-hfb-below-header-display":"","ast-hfb-mobile-header-display":"","site-post-title":"disabled","ast-breadcrumbs-content":"","ast-featured-img":"disabled","footer-sml-layout":"","theme-transparent-header-meta":"enabled","adv-header-id-meta":"","stick-header-meta":"","header-above-stick-meta":"","header-main-stick-meta":"","header-below-stick-meta":"","astra-migrate-meta-layouts":"default","ast-page-background-enabled":"default","ast-page-background-meta":{"desktop":{"background-color":"","background-image":"","background-repeat":"repeat","background-position":"center center","background-size":"auto","background-attachment":"scroll","background-type":"","background-media":"","overlay-type":"","overlay-color":"","overlay-opacity":"","overlay-gradient":""},"tablet":{"background-color":"","background-image":"","background-repeat":"repeat","background-position":"center center","background-size":"auto","background-attachment":"scroll","background-type":"","background-media":"","overlay-type":"","overlay-color":"","overlay-opacity":"","overlay-gradient":""},"mobile":{"background-color":"","background-image":"","background-repeat":"repeat","background-position":"center center","background-size":"auto","background-attachment":"scroll","background-type":"","background-media":"","overlay-type":"","overlay-color":"","overlay-opacity":"","overlay-gradient":""}},"ast-content-background-meta":{"desktop":{"background-color":"var(--ast-global-color-5)","background-image":"","background-repeat":"repeat","background-position":"center center","background-size":"auto","background-attachment":"scroll","background-type":"","background-media":"","overlay-type":"","overlay-color":"","overlay-opacity":"","overlay-gradient":""},"tablet":{"background-color":"var(--ast-global-color-5)","background-image":"","background-repeat":"repeat","background-position":"center center","background-size":"auto","background-attachment":"scroll","background-type":"","background-media":"","overlay-type":"","overlay-color":"","overlay-opacity":"","overlay-gradient":""},"mobile":{"background-color":"var(--ast-global-color-5)","background-image":"","background-repeat":"repeat","background-position":"center center","background-size":"auto","background-attachment":"scroll","background-type":"","background-media":"","overlay-type":"","overlay-color":"","overlay-opacity":"","overlay-gradient":""}},"footnotes":""},"class_list":["post-195","page","type-page","status-publish","hentry"],"_links":{"self":[{"href":"https:\/\/darina-maleeva.com\/index.php\/wp-json\/wp\/v2\/pages\/195","targetHints":{"allow":["GET"]}}],"collection":[{"href":"https:\/\/darina-maleeva.com\/index.php\/wp-json\/wp\/v2\/pages"}],"about":[{"href":"https:\/\/darina-maleeva.com\/index.php\/wp-json\/wp\/v2\/types\/page"}],"author":[{"embeddable":true,"href":"https:\/\/darina-maleeva.com\/index.php\/wp-json\/wp\/v2\/users\/1"}],"replies":[{"embeddable":true,"href":"https:\/\/darina-maleeva.com\/index.php\/wp-json\/wp\/v2\/comments?post=195"}],"version-history":[{"count":83,"href":"https:\/\/darina-maleeva.com\/index.php\/wp-json\/wp\/v2\/pages\/195\/revisions"}],"predecessor-version":[{"id":2107,"href":"https:\/\/darina-maleeva.com\/index.php\/wp-json\/wp\/v2\/pages\/195\/revisions\/2107"}],"wp:attachment":[{"href":"https:\/\/darina-maleeva.com\/index.php\/wp-json\/wp\/v2\/media?parent=195"}],"curies":[{"name":"wp","href":"https:\/\/api.w.org\/{rel}","templated":true}]}}